2, 5, 7
Let s = 65 - 71. What are the prime factors of 1*(s - (-1254 - -1))?
29, 43
Let g(w) = -3*w**3 - 10*w**2 - w + 6. Let c be g(-3). What are the prime factors of -514*(8 + -6)*(c - 1)?
2, 257
Let d be 2 - (-1885 - (6 + -4)). Let k = 2749 - d. What are the prime factors of k?
2, 5, 43
Suppose -25*s = -32406 - 106269. What are the prime factors of s?
3, 43
Let a(v) = 13*v**2 - 46*v + 20. List the prime factors of a(19).
11, 349
Let m(q) = -q**3 + q**2 - 6. Let c be m(0). What are the prime factors of (-108)/(-72)*(-1264)/c?
2, 79
Let o = 260 - 31. Suppose -1191 + o = -4*g + 2*u, 0 = 3*g + 5*u - 702. Suppose -5*y + 393 = -3*p, 5*p + g = 3*y + 16. List the prime factors of y.
3
Suppose -4*w - 2*l = -28618, 1433*l = -3*w + 1428*l + 21446. What are the prime factors of w?
17, 421
Let d be (1 + -2)*(-4)/((-8)/(-330)). Let a = d + -74. List the prime factors of a.
7, 13
Let m(i) = -9*i - 21 + 30 + 21. Let w be -16 + 1/((-5)/(-8))*(-45)/18. What are the prime factors of m(w)?
2, 3, 5, 7
Let j(s) = -1718*s - 3. List the prime factors of j(-3).
3, 17, 101
Let i = -7425 + 19179. What are the prime factors of i?
2, 3, 653
Let a be -3 - -3*(-1 + -23). Let j be (3 - -2)/(55/902). Let v = a + j. What are the prime factors of v?
7
Suppose 93*s - 110062 = 89*s - 5*d, s + 4*d - 27510 = 0. What are the prime factors of s?
2, 13759
Let g(m) = -m + 8. Let p be g(-5). Suppose 0 = 2*r + 2*l - 820, -18*r = -p*r - 3*l - 2090. What are the prime factors of r?
5, 83
Suppose 0 = -3*r + 2*f + 2969, 151*r - 2*f = 146*r + 4951. What are the prime factors of r?
991
Let z(w) = w + 32. Let x be z(-8). Suppose u = 7*u - x. Suppose -3*n = 3*q - u*n - 220, -5*q + 380 = -5*n. List the prime factors of q.
2, 3
Let q be ((-32)/6 - 10/(-5))*-60. Suppose -23*k + q = -18*k. Let v = k + -19. What are the prime factors of v?
3, 7
Let h(j) = 48 + 70*j + 206 - j**2 - 416. List the prime factors of h(30).
2, 3, 173
Let d(t) = -102*t + 83. Let i be d(-6). Let q = i + -189. What are the prime factors of q?
2, 11, 23
What are the prime factors of 0 + 12776 + (8 - (-204)/(-12))?
17, 751
Let p(o) = 352*o + 1285. List the prime factors of p(17).
3, 2423
Suppose -3*j = -2*h - 45, h - j - 10 = -31. What are the prime factors of 4020/(-8)*h/45?
3, 67
Let q(s) = -133*s + 15. Let i be q(-2). Let o = -233 + i. List the prime factors of o.
2, 3
Suppose 2*z = -2*m + 125102, 0 = -4*m - 664*z + 659*z + 250208. What are the prime factors of m?
3, 20849
Let o = -64035 + 93321. What are the prime factors of o?
2, 3, 1627
Suppose 2*v + 4*g - 134 = 0, v + 4*v - g = 324. Suppose -w - v = -2*k, w - 3*k = -8*k - 72. Let z = 166 + w. List the prime factors of z.
3, 11
Let n be 4/((-40)/(-2875))*8. Let a = n - 1113. What are the prime factors of a?
1187
Suppose 65 = 5*c + 35. Let m(y) = -y**2 - 18*y + 28. Let v(b) = 2*b**2 + 35*b - 57. Let u(i) = c*v(i) + 11*m(i). What are the prime factors of u(-16)?
2, 3, 5
Let s(o) = -35*o**3 - 6*o**2 + 5*o + 11. Let v(i) = 7*i**3 + i**2 - i - 2. Let n(h) = 2*s(h) + 11*v(h). Suppose -7*g = 3*g - 20. List the prime factors of n(g).
2, 5
Let m be (4/6)/((-1)/(-6)). Let y(l) = -37 + 66 + 24*l - 2*l - 46. What are the prime factors of y(m)?
71
Suppose -6*y = 5*h - 80118, -26*y = 4*h - 22*y - 64096. What are the prime factors of h?
2, 3, 2671
Suppose -2*l - 2*q + 5882 = 0, 5*l + 2110 - 16821 = -2*q. List the prime factors of l.
3, 109
Let z(a) = 8*a + 61. Let s be z(-7). Let m(d) = 6*d**2 - 5*d + 21. Let w(x) = 5*x**2 - 6*x + 21. Let o(f) = 4*m(f) - 5*w(f). List the prime factors of o(s).
2
Suppose 6*j + 3 = 549. Suppose -j - 69 = -5*w. What are the prime factors of w?
2
Let b(g) = -1070*g - 1549. What are the prime factors of b(-16)?
23, 677
Let d(t) = 44*t**2 + t + 16. Suppose 0 = -2*j - 4*j - 18. What are the prime factors of d(j)?
409
Let s(q) = -37*q**2 - 4*q + 3. Let n(i) = -i**3 + 14*i**2 - 13*i + 1. Let y be n(13). Let d be s(y). Let w = 89 - d. List the prime factors of w.
127
Let y be (-32)/112 + (-60)/(-14). Suppose y*k = 3*p - p + 730, -2*k + 370 = -2*p. List the prime factors of k.
2, 3, 5
What are the prime factors of (15 - 10)/((-5)/(-30643))?
30643
Suppose 48*q - 227273 = 86983. What are the prime factors of q?
6547
Let m(z) = z**3 - 6*z**2 + 74*z - 125. List the prime factors of m(21).
2, 2011
Suppose 2*s + 2*j = 2580, 5*s + 3*j = -j + 6455. Suppose -5*u - s = 1965. List the prime factors of u/(-28) + (-4)/14.
23
Suppose 0 = -5*g - 13*x + 17*x + 65766, 39450 = 3*g - 4*x. What are the prime factors of g?
2, 3, 17, 43
Suppose 64014 = 5*m + 4*p, 56*m = 61*m + p - 64011. What are the prime factors of m?
2, 37, 173
Let z = 3445 - 917. Suppose -9*o = -2*c + z, -3*c - 3*o + 3728 + 64 = 0. List the prime factors of c.
2, 79
Suppose -r - a + 4812 + 8198 = 0, 2*r - 26024 = 2*a. List the prime factors of r.
3, 4337
Let h(i) = -2*i**3 + i + 9. Let r be h(-3). Let b = r + 154. List the prime factors of b.
2, 107
Let p(f) = -f**2 - 2*f - 4. Let i(w) = w**3 + 9*w**2 + 3*w + 31. Let g be i(-9). Let k be p(g). List the prime factors of 192 + ((-24)/(-36) - k/(-6)).
2, 47
Suppose -8*u + z + 28978 = -5*u, -4 = z. What are the prime factors of u?
2, 11, 439
Suppose -4*n = -2*g - 16, n = -g + 3 - 5. Suppose 5*f = -u + 125, 294 = n*u - 0*f - f. What are the prime factors of u?
5, 29
Suppose j - 2*i = -4*j + 1755, -j + 369 = -4*i. What are the prime factors of j?
349
Suppose 4*w + 4*z + 668 = 0, -z - 367 = 2*w - 30. Let j = w - -261. List the prime factors of j.
7, 13
Suppose -3*z - 2*i = -2*z - 7, 0 = 5*i - 5. Suppose z*k - 1695 = 2*w, k - 175 = w + 167. What are the prime factors of k?
337
Let h be (-8094)/(-18) - 8/(-6). Let i = h - 360. List the prime factors of i.
7, 13
Suppose -12 = -z + 3*j, -2*j = -8 + 2. Let v(r) = r**3 - 19*r**2 + 2*r - 9. What are the prime factors of v(z)?
3, 5, 61
Let k be ((-176)/(-132))/(2/444 + 0). Suppose 436 + k = 2*z. Suppose -3*d = 5*r - 7*d - 859, -2*r - 4*d = -z. List the prime factors of r.
5, 7
Suppose 2*m + 4*g = -m + 14, 4 = 2*g. Suppose 0 = -2*v - 82 + m. Let b = 32 - v. What are the prime factors of b?
2, 3
Let t be (-8)/(17 + -1)*-2. Let f(w) = w**3 - 4*w**2 - 3*w - 7. Let b be f(5). What are the prime factors of (b/(-2))/t*20/(-3)?
2, 5
Suppose -6*z + z = 105. Let h = z - -56. What are the prime factors of 26/(2/h*5)?
7, 13
Suppose 0 = -4*t + 8 + 48. Suppose -t*p = -2465 - 363. What are the prime factors of p?
2, 101
Suppose -4*n + 50 = -2*j, -j + 3*n - 33 = -n. Let f = 17 + j. Suppose f = -0*t - 11*t + 880. List the prime factors of t.
2, 5
Let r(c) = -2750*c + 4714. List the prime factors of r(-6).
2, 10607
Let g = -828 - -1321. Suppose -3*a = -4*c + 1828, 4*a = -c + g - 55. What are the prime factors of c?
2, 227
What are the prime factors of (146 + -131)/(1 + (38850/(-12951) - -2))?
3, 5, 1439
Let i(u) = -140*u**3 + 2*u**2 + 3*u + 1. Suppose 101 + 15 = 4*s. Suppose -s = -r - 30. List the prime factors of i(r).
2, 5, 7
Let u(t) = t**3 + t. Let r(d) = 12*d**3 - d**2 + 9*d + 4. Let j(v) = -r(v) + 5*u(v). Let h be -3 + (0/(4 - 9) - -1). List the prime factors of j(h).
2
Let j(n) = -7*n + 63. Let v be j(20). What are the prime factors of ((-20)/16)/5 + v/(-4)?
19
Let j be 2 - (-1 + (-16)/(-12)*3). What are the prime factors of 114*(55/60 + j/4)?
2, 19
Let h(w) = -133*w - 1. Let s be 10/(-35)*28/(-8)*-3. List the prime factors of h(s).
2, 199
Let m(z) = 34*z - 103. Let l(u) = 169*u - 511. Let y(i) = 2*l(i) - 11*m(i). List the prime factors of y(-16).
3, 229
Let q be (-5)/3*(-30)/25. Let j be -1 + 6/q - (-28)/28. Suppose -j*f = -64 - 29. What are the prime factors of f?
31
Let f be 4/(16/(-12)) - -46. Let y = -44 + f. Let z(d) = -87*d + 1. List the prime factors of z(y).
2, 11
Suppose 3*b - 64021 = 5*a, 5*a - 215 = -180. List the prime factors of b.
2, 17, 157
Suppose 0 = 5*q - m - 18821, 0 = -5*q + 9*q + m - 15064. What are the prime factors of (-16 + 14)*q/(-6)?
5, 251
Suppose -303775 - 197435 - 1008459 = -93*m. What are the prime factors of m?
3, 7, 773
Suppose 0 = 5*v - 5*k - 170, -v = -4*k - 26 + 1. Let r = v - 42. What are the prime factors of (-76)/r - -3 - 4/20?
2, 3
Suppose -579*a = -552*a - 1752057. List the prime factors of a.
64891
List the prime factors of 2468*(14/49)/((-558)/(-273) + -2).
2, 13, 617
Let p(w) = 21*w**2 - 12